 o = d, -11 - 7 = -4*o - 2*d. Suppose -a - 2 + 6 = 0, 2*n - 2*a = 0. What is the remainder when n is divided by o?
1
Let o = -69 + 137. What is the remainder when o is divided by 36?
32
Suppose -5*x = v - 25, 2*v + 27 = 3*x - 1. Suppose 0 = -3*w - 4*u, -4*w - u + 6*u = 0. What is the remainder when 3 - (-1 - w)*13 is divided by x?
4
Suppose 2*u - 5*u = 0. Suppose -3*s + 2*s + 58 = u. Calculate the remainder when s is divided by (1 + (-23)/3)*-3.
18
Suppose -5*x - 4*j = -j - 347, -2*x + 138 = 2*j. Suppose 0*r - 2*r = -x. What is the remainder when r is divided by 18?
17
Let b = 6 - -6. Let h = b + -7. Suppose h*u = i - 14 + 2, 0 = 4*u. What is the remainder when 34 is divided by i?
10
Suppose 0 = -2*o - 3*o + 55. Suppose -2*y - 4*x = -76, 3*x - 146 - 16 = -4*y. Calculate the remainder when y is divided by o.
9
Suppose -3 = -2*a - y, 4*y - 2 = 2*y. Suppose l + 1 = 9. Let q(n) = -n**3 + 9*n**2 - 9*n + 9. Calculate the remainder when a is divided by q(l).
0
Let x = 36 - 21. Let j(d) = d**3. Let g be j(-2). Let a = g + x. Calculate the remainder when 13 is divided by a.
6
Suppose -t = 2*k - 20, 0 = -2*k + 3*t + 4 - 0. Suppose 4*s - 6 + 18 = 0. Let m = 6 + s. Calculate the remainder when k is divided by m.
2
Let n be ((-2)/(-4))/((-2)/(-16)). Let s be ((-18)/n)/(3/(-8)). Calculate the remainder when ((-3)/2)/(s/(-40)) is divided by 2.
1
Let z(n) = -5*n - 3. What is the remainder when 33 is divided by z(-3)?
9
Let h = -21 + 40. Calculate the remainder when 0 - 1*-55*1 is divided by h.
17
Let i(h) = -4 + 5*h + 3 - 2*h. Suppose -4*q + 5*c + 40 = 2*c, 27 = q - 5*c. Calculate the remainder when i(7) is divided by q.
6
Let t = 16 + -10. Calculate the remainder when 21 is divided by t.
3
Let f be 1 + -1 + 1 + 23. Let x = 10 + f. Suppose x - 2 = 4*a. Calculate the remainder when 14 is divided by a.
6
Calculate the remainder when 4 is divided by ((6/5)/(-1))/((-15)/50).
0
Suppose -5*y + 0*y = -130. Suppose 0 = -2*r + r, 4*r + 42 = 3*a. What is the remainder when y is divided by a?
12
Suppose 5 + 6 = 3*x - 5*m, -2*m + 4 = 0. What is the remainder when 10 is divided by x?
3
Let s(y) = y**3 + 11*y**2 + 3*y - 12. Let d be s(-10). Suppose 0 = -4*b + d - 10. Calculate the remainder when 46 is divided by b.
10
Let c be ((-310)/8)/5*-4. Let f = c - 18. Calculate the remainder when f is divided by 5.
3
Suppose 2*m = 4*o + 24, -3*o - 2 = 1. Let d(x) = -28*x - 7. Let w(p) = 14*p + 3. Let t(g) = 3*d(g) + 7*w(g). Calculate the remainder when t(2) is divided by m.
8
Suppose 2*h - j + 26 = -0*h, -j - 58 = 5*h. Calculate the remainder when 31 is divided by (-100)/h - (-1)/(-3).
7
Let p(c) = 2*c. Let i be 6 - (0 - 1 - -2). What is the remainder when p(i) is divided by 4?
2
Let w(c) = -c**3 + 4*c**2 - 3*c + 3. Let k be w(3). Suppose -k*p + 11 + 1 = 0. What is the remainder when p is divided by 3?
1
What is the remainder when 49 is divided by 158/12 - (-10)/(-60)?
10
Let t = 5 + -3. Suppose t*q + 4*h - 34 = 0, -4*h + 0 = -2*q + 74. What is the remainder when q is divided by 14?
13
Suppose -p = 3 - 13. Calculate the remainder when 37 is divided by p.
7
Suppose 0*k = 4*k - f - 24, 0 = 5*k + 4*f - 51. Let t(m) = m**3 - 8*m**2 + 7*m + 10. Calculate the remainder when 27 is divided by t(k).
7
Let t be 3 - 1 - (0 + 0). Let w be 2/(-4)*-17*t. Let a = w - -25. What is the remainder when a is divided by 22?
20
Let g(c) = c - 1. Let u(v) = -4*v + 3. Let t(z) = -6*g(z) - u(z). What is the remainder when t(-5) is divided by 5?
3
Let j = -9 - -29. Let b = 62 - 23. Calculate the remainder when b is divided by j.
19
Let c(g) = -g**2 - 7*g + 3. Suppose -5*d + 24 = -1. Calculate the remainder when c(-7) is divided by 1/d - (-36)/20.
1
Let w(t) = 2*t**2 - 9*t + 2. Let y be w(6). Let k = y - 14. Calculate the remainder when k is divided by 2.
0
Suppose q - 33 = 29. Calculate the remainder when q is divided by 13.
10
Suppose 0*w - 2*w + 34 = 0. What is the remainder when w - 1*(3 - 6) is divided by 7?
6
Let n(i) = -i - 1. Let f(t) = -10*t - 3. Let c(l) = f(l) - 6*n(l). What is the remainder when c(-10) is divided by 15?
13
Let o = -13 - -19. What is the remainder when 103 is divided by (-63)/o*(-3 - -1)?
19
Let v(q) = -27*q + 4. Let t(i) = -161*i + 23. Let f(c) = -4*t(c) + 23*v(c). What is the remainder when (9/1)/(1/5) is divided by f(1)?
22
Let b = -16 + 140. Suppose b = 5*r - r. What is the remainder when r is divided by 16?
15
Let d(q) = -q. Let a(c) = c**2 + 5*c. Let m(y) = 3*a(y) + 15*d(y). Suppose -3*o = 2*s + 3*s + 17, 4*s = o. What is the remainder when 5 is divided by m(s)?
2
Suppose 5*l - 11 - 4 = 0. What is the remainder when 16 is divided by l?
1
Suppose 4*i + 5*x - 216 = 0, 0 = -3*i - 4*x - x + 162. Calculate the remainder when i is divided by 7.
5
Let m = 1 + 2. Calculate the remainder when 18*m/6*2 is divided by 7.
4
Let q(d) = 10*d**2 + 1. Suppose 4*i + 0 = -4. What is the remainder when 19 is divided by q(i)?
8
Let s = 14 - -13. What is the remainder when s is divided by 7?
6
Let s = 29 - 11. What is the remainder when 143 is divided by s?
17
Let i(p) = -93*p + 1. Let q be i(-1). Suppose 5*d - q - 46 = 0. What is the remainder when 55 is divided by d?
27
Suppose 2*u - 12 - 8 = -5*r, 10 = -5*r + 4*u. Suppose 0*y = -r*y + 26. Calculate the remainder when (-1 + 0)/(1/(-38)) is divided by y.
12
Suppose 4*r + 56 = 212. Suppose 2*z = 3*z - 14. Calculate the remainder when r is divided by z.
11
Suppose -258 = 8*u - 14*u. Calculate the remainder when u is divided by 15.
13
Suppose -5*r - 25 = -5*y - 2*r, y = -3*r - 13. Suppose y*q = -k + 84, -5*q = 3*k - k - 211. What is the remainder when q is divided by 15?
13
Let u(d) = d**2 - 5*d - 7. Suppose 4*c + t + 0*t = 35, 0 = 2*t + 10. What is the remainder when u(9) is divided by c?
9
Let w = 16 + 2. What is the remainder when 30 is divided by w?
12
Let s(g) = -g + 2. Let u be s(0). Suppose -4*o - 8 = -u*o + 4*f, 0 = -2*o + f + 2. Suppose -9 = -o*n - n. Calculate the remainder when 25 is divided by n.
7
Let y(q) = 2*q - 2. Let s be y(-3). Let o = 14 + -23. Let m = s - o. Calculate the remainder when 2 is divided by m.
0
Suppose 3*r = -16 + 628. Let f = -129 + r. Suppose 0*p + 4*p + f = 3*n, -5*n + 151 = 2*p. What is the remainder when n is divided by 10?
9
Let z be 2*(2 + 3 - 3). Suppose -d + 5*d - z = 0. What is the remainder when 2 is divided by d?
0
Let b = -26 - -66. Suppose 2*n = -2*n + b. What is the remainder when 17 is divided by n?
7
Suppose 7*y = 3*y - a + 42, 4*y - 5*a - 30 = 0. Suppose -2*i - 3*i = -5*q - y, 3*q - 9 = 0. What is the remainder when 42 is divided by (1*-1)/(i/(-75))?
12
Let s(w) = -w**3 - 5*w**2 + 1. Let n be s(-5). Suppose n = 4*q - 3. What is the remainder when 20 is divided by 3/q - 1 - -5?
6
Suppose -2*b = -10 - 20. Let y = 39 + -10. What is the remainder when y is divided by b?
14
Suppose 6*w = 27*w - 651. Calculate the remainder when w is divided by 19.
12
Suppose -2*z + 21 = -z. Calculate the remainder when 81 is divided by z.
18
Let g = -98 - -135. Suppose 3*j = -3*i - 126, -6*j + j = -2*i + 182. Let x = -25 - j. What is the remainder when g is divided by x?
11
Suppose f - z + 2 = 3, -3*f = 4*z - 3. Calculate the remainder when 39 is divided by f*(16 - (-8)/(-4)).
11
Let m = 68 - 41. Suppose o = 5*l + 69, l = 4*l - 6. Calculate the remainder when o is divided by m.
25
Let j(t) = -4*t**3 - 3*t**2 - t + 1. Calculate the remainder when j(-2) is divided by 6.
5
Let r = 20 - 11. Suppose c = -c - b + r, c = b + 12. Let i = 47 + -22. What is the remainder when i is divided by c?
4
Let t be 14*22/(-16)*-4. Suppose 5*y - 123 = t. Calculate the remainder when y is divided by 14.
12
Suppose 2*s + 6 = 2*f, -f + 3*f = -s + 15. Suppose -5*u + 16 + 4 = 0. What is the remainder when f is divided by u?
2
Suppose 0 = 5*r + 15, 4*n + 5*r = -0*r - 39. Let j = -3 - -13. Let w = n + j. Calculate the remainder when w is divided by 2.
0
Suppose -2*j + 6 = -20. Calculate the remainder when 36 is divided by j.
10
Let h(r) = -r. Let f be h(-4). Suppose -i + 5 = 0, 0 = -f*k + 3*i - 6*i + 27. What is the remainder when 6 is divided by k?
0
Let n be (-445)/(-25) + 1/5. Suppose n = 3*k - 4*k - 3*b, -2*b = -k + 7. Calculate the remainder when 1 is divided by 2/8 - k/4.
0
Suppose 0 = 4*r + 7 - 71. Let o = -35 - -20. Let n = o + 61. Ca